{"id":10,"date":"2015-12-04T09:56:07","date_gmt":"2015-12-04T09:56:07","guid":{"rendered":"https:\/\/www.cortetextil.info\/home\/?page_id=10"},"modified":"2016-12-05T09:53:25","modified_gmt":"2016-12-05T09:53:25","slug":"instalaciones","status":"publish","type":"page","link":"https:\/\/www.cortetextil.info\/home\/instalaciones\/","title":{"rendered":"Instalaciones"},"content":{"rendered":"<p>En esta secci\u00f3n podr\u00e1s conocer un poco m\u00e1s sobre las diferentes <strong>herramientas <\/strong>y recursos que utilizamos en la realizaci\u00f3n de nuestro <strong>trabajo<\/strong>.\u00a0En nuestras instalaciones disponemos de la m\u00e1s <strong>moderna tecnolog\u00eda<\/strong> que unida al mejor tratamiento personal nos permite ofrecer un servicio excepcional.<\/p>\n<p><strong>Carro Autex autom\u00e1tico:<\/strong><\/p>\n<p>Carro <strong>autom\u00e1tico <\/strong>de extendido de los tejidos, \u00a0incorpora\u00a0un sistema con pendul\u00edn cuyo objetivo es el de poder extender tejidos evitando cualquier tensi\u00f3n.<\/p>\n<p>Este <strong>carro <\/strong>proporciona novedosas t\u00e9cnicas de tratado de textiles que\u00a0permiten conseguir un trabajo m\u00e1s <strong>f\u00e1cil <\/strong>y m\u00e1s r\u00e1pido, garantizando siempre la satisfacci\u00f3n del cliente y el cumplimiento del plazo de <strong>entrega<\/strong>.<\/p>\n<p><strong>Afinadora de corte ferluns nina modelo 750:<\/strong><\/p>\n<p>La m\u00e1quina afinadora utilizada para realizar los <strong>cortes<\/strong>, permite realizar cortes con una alt\u00edsima precisi\u00f3n incluso hasta en las telas m\u00e1s <strong>delicadas<\/strong>.<\/p>\n<p><strong>M\u00e1quinas de corte vertical:<\/strong><\/p>\n<p>Estas m\u00e1quinas <strong>cortadoras<\/strong><strong>\u00a0<\/strong>son usadas para cortar todo tipo de tejidos una vez<strong>extendidos <\/strong>sobre la mesa de corte. Estos tejidos pueden ser extendidos manualmente o mediante nuestro carro\u00a0<strong>Autex autom\u00e1tico<\/strong>. Estas m\u00e1quinas de corte vertical disponen de diferentes alturas de corte, con lo que permite adaptarse a las necesidades del\u00a0corte, as\u00ed como a todo tipo de tejidos.<\/p>\n<p><strong>Flejadora:<\/strong><\/p>\n<p>M\u00e1quina utilizada para asegurar o fijar el <strong>embalaje <\/strong>de los tejidos una vez cortados. La principal caracter\u00edstica de est\u00e1 <strong>maquina \u00a0<\/strong>es la resistencia del fleje (cinta) a la tracci\u00f3n.<\/p>\n<p><strong>Mesas de Corte:<\/strong><\/p>\n<p>Disponemos de dos <strong>mesas <\/strong>de corte de 25 metros cada mesa , para extender y cortar sus <strong>tejidos <\/strong>de forma r\u00e1pida y precisa, completamente comunicado con nuestro carro Autex <strong>autom\u00e1tico<\/strong>.<\/p>\n<p><strong>Taladro:<\/strong><\/p>\n<p>Herramienta utilizada para el marcado de <strong>telas <\/strong>en el proceso de corte, con esta herramienta se puede se\u00f1alar <strong>pinzas<\/strong>, bolsillos y otras referencias para ayudar en el proceso de corte de los <strong>tejidos<\/strong>.<\/p>\n","protected":false},"excerpt":{"rendered":"<p>En esta secci\u00f3n podr\u00e1s conocer un poco m\u00e1s sobre las diferentes herramientas y recursos que utilizamos en la realizaci\u00f3n de nuestro trabajo.\u00a0En nuestras instalaciones disponemos de la m\u00e1s moderna tecnolog\u00eda que unida al mejor tratamiento personal nos permite ofrecer un servicio excepcional. Carro Autex autom\u00e1tico: Carro autom\u00e1tico de extendido de los tejidos, \u00a0incorpora\u00a0un sistema con [&hellip;]<\/p>\n","protected":false},"author":1,"featured_media":0,"parent":0,"menu_order":0,"comment_status":"closed","ping_status":"closed","template":"","meta":[],"_links":{"self":[{"href":"https:\/\/www.cortetextil.info\/home\/wp-json\/wp\/v2\/pages\/10"}],"collection":[{"href":"https:\/\/www.cortetextil.info\/home\/wp-json\/wp\/v2\/pages"}],"about":[{"href":"https:\/\/www.cortetextil.info\/home\/wp-json\/wp\/v2\/types\/page"}],"author":[{"embeddable":true,"href":"https:\/\/www.cortetextil.info\/home\/wp-json\/wp\/v2\/users\/1"}],"replies":[{"embeddable":true,"href":"https:\/\/www.cortetextil.info\/home\/wp-json\/wp\/v2\/comments?post=10"}],"version-history":[{"count":2,"href":"https:\/\/www.cortetextil.info\/home\/wp-json\/wp\/v2\/pages\/10\/revisions"}],"predecessor-version":[{"id":86,"href":"https:\/\/www.cortetextil.info\/home\/wp-json\/wp\/v2\/pages\/10\/revisions\/86"}],"wp:attachment":[{"href":"https:\/\/www.cortetextil.info\/home\/wp-json\/wp\/v2\/media?parent=10"}],"curies":[{"name":"wp","href":"https:\/\/api.w.org\/{rel}","templated":true}]}}

<p>En esta sección podrás conocer un poco más sobre las diferentes <strong>herramientas </strong>y recursos que utilizamos en la realización de nuestro <strong>trabajo</strong>. En nuestras instalaciones disponemos de la más <strong>moderna tecnología</strong> que unida al mejor tratamiento personal nos permite ofrecer un servicio excepcional.</p>
<p><strong>Carro Autex automático:</strong></p>
<p>Carro <strong>automático </strong>de extendido de los tejidos,  incorpora un sistema con pendulín cuyo objetivo es el de poder extender tejidos evitando cualquier tensión.</p>
<p>Este <strong>carro </strong>proporciona novedosas técnicas de tratado de textiles que permiten conseguir un trabajo más <strong>fácil </strong>y más rápido, garantizando siempre la satisfacción del cliente y el cumplimiento del plazo de <strong>entrega</strong>.</p>
<p><strong>Afinadora de corte ferluns nina modelo 750:</strong></p>
<p>La máquina afinadora utilizada para realizar los <strong>cortes</strong>, permite realizar cortes con una altísima precisión incluso hasta en las telas más <strong>delicadas</strong>.</p>
<p><strong>Máquinas de corte vertical:</strong></p>
<p>Estas máquinas <strong>cortadoras</strong><strong> </strong>son usadas para cortar todo tipo de tejidos una vez<strong>extendidos </strong>sobre la mesa de corte. Estos tejidos pueden ser extendidos manualmente o mediante nuestro carro <strong>Autex automático</strong>. Estas máquinas de corte vertical disponen de diferentes alturas de corte, con lo que permite adaptarse a las necesidades del corte, así como a todo tipo de tejidos.</p>
<p><strong>Flejadora:</strong></p>
<p>Máquina utilizada para asegurar o fijar el <strong>embalaje </strong>de los tejidos una vez cortados. La principal característica de está <strong>maquina  </strong>es la resistencia del fleje (cinta) a la tracción.</p>
<p><strong>Mesas de Corte:</strong></p>
<p>Disponemos de dos <strong>mesas </strong>de corte de 25 metros cada mesa , para extender y cortar sus <strong>tejidos </strong>de forma rápida y precisa, completamente comunicado con nuestro carro Autex <strong>automático</strong>.</p>
<p><strong>Taladro:</strong></p>
<p>Herramienta utilizada para el marcado de <strong>telas </strong>en el proceso de corte, con esta herramienta se puede señalar <strong>pinzas</strong>, bolsillos y otras referencias para ayudar en el proceso de corte de los <strong>tejidos</strong>.</p>

<p>En esta sección podrás conocer un poco más sobre las diferentes herramientas y recursos que utilizamos en la realización de nuestro trabajo. En nuestras instalaciones disponemos de la más moderna tecnología que unida al mejor tratamiento personal nos permite ofrecer un servicio excepcional. Carro Autex automático: Carro automático de extendido de los tejidos,  incorpora un sistema con [&hellip;]</p>
