{"id":12,"date":"2015-12-04T09:56:26","date_gmt":"2015-12-04T09:56:26","guid":{"rendered":"https:\/\/www.cortetextil.info\/home\/?page_id=12"},"modified":"2015-12-07T09:32:12","modified_gmt":"2015-12-07T09:32:12","slug":"colaboraciones","status":"publish","type":"page","link":"https:\/\/www.cortetextil.info\/home\/colaboraciones\/","title":{"rendered":"Colaboraciones"},"content":{"rendered":"<p>La dilatada <strong>experiencia <\/strong>adquirida por nuestra empresa a lo largo de nuestros a\u00f1os de profesi\u00f3n es nuestro principal <strong>aval <\/strong>y carta de presentaci\u00f3n. Toda nuestra dedicaci\u00f3n y <strong>esfuerzo <\/strong>en cada uno de nuestros trabajos tienen sus recompensas en la confianza de nuestros clientes. En Corte Textil Juli\u00e1n <strong>colaboramos <\/strong>con:<\/p>\n<ul>\n<li>Tiendas moda joven.<\/li>\n<li>Empresas privadas.<\/li>\n<\/ul>\n","protected":false},"excerpt":{"rendered":"<p>La dilatada experiencia adquirida por nuestra empresa a lo largo de nuestros a\u00f1os de profesi\u00f3n es nuestro principal aval y carta de presentaci\u00f3n. Toda nuestra dedicaci\u00f3n y esfuerzo en cada uno de nuestros trabajos tienen sus recompensas en la confianza de nuestros clientes. En Corte Textil Juli\u00e1n colaboramos con: Tiendas moda joven. Empresas privadas.<\/p>\n","protected":false},"author":1,"featured_media":0,"parent":0,"menu_order":0,"comment_status":"closed","ping_status":"closed","template":"","meta":[],"_links":{"self":[{"href":"https:\/\/www.cortetextil.info\/home\/wp-json\/wp\/v2\/pages\/12"}],"collection":[{"href":"https:\/\/www.cortetextil.info\/home\/wp-json\/wp\/v2\/pages"}],"about":[{"href":"https:\/\/www.cortetextil.info\/home\/wp-json\/wp\/v2\/types\/page"}],"author":[{"embeddable":true,"href":"https:\/\/www.cortetextil.info\/home\/wp-json\/wp\/v2\/users\/1"}],"replies":[{"embeddable":true,"href":"https:\/\/www.cortetextil.info\/home\/wp-json\/wp\/v2\/comments?post=12"}],"version-history":[{"count":1,"href":"https:\/\/www.cortetextil.info\/home\/wp-json\/wp\/v2\/pages\/12\/revisions"}],"predecessor-version":[{"id":13,"href":"https:\/\/www.cortetextil.info\/home\/wp-json\/wp\/v2\/pages\/12\/revisions\/13"}],"wp:attachment":[{"href":"https:\/\/www.cortetextil.info\/home\/wp-json\/wp\/v2\/media?parent=12"}],"curies":[{"name":"wp","href":"https:\/\/api.w.org\/{rel}","templated":true}]}}

<p>La dilatada <strong>experiencia </strong>adquirida por nuestra empresa a lo largo de nuestros años de profesión es nuestro principal <strong>aval </strong>y carta de presentación. Toda nuestra dedicación y <strong>esfuerzo </strong>en cada uno de nuestros trabajos tienen sus recompensas en la confianza de nuestros clientes. En Corte Textil Julián <strong>colaboramos </strong>con:</p>
<ul>
<li>Tiendas moda joven.</li>
<li>Empresas privadas.</li>
</ul>

<p>La dilatada experiencia adquirida por nuestra empresa a lo largo de nuestros años de profesión es nuestro principal aval y carta de presentación. Toda nuestra dedicación y esfuerzo en cada uno de nuestros trabajos tienen sus recompensas en la confianza de nuestros clientes. En Corte Textil Julián colaboramos con: Tiendas moda joven. Empresas privadas.</p>
