{"id":34,"date":"2015-12-04T12:02:07","date_gmt":"2015-12-04T12:02:07","guid":{"rendered":"https:\/\/www.cortetextil.info\/home\/?page_id=34"},"modified":"2015-12-07T09:34:36","modified_gmt":"2015-12-07T09:34:36","slug":"aviso-legal","status":"publish","type":"page","link":"https:\/\/www.cortetextil.info\/home\/aviso-legal\/","title":{"rendered":"Aviso Legal"},"content":{"rendered":"<p class=\"parrafo\"><strong>1.- Car\u00e1cter de los servicios<\/strong><\/p>\n<p class=\"parrafo\">El acceso al SITIO WEB es, en principio, de car\u00e1cter gratuito, sin perjuicio de que la contrataci\u00f3n de los productos o servicios a trav\u00e9s del SITIO WEB est\u00e9 sujeta a una contraprestaci\u00f3n econ\u00f3mica.<\/p>\n<p class=\"parrafo\"><strong>3.- Responsabilidad del USUARIO<\/strong><\/p>\n<p class=\"parrafo\">El USUARIO se compromete a no utilizar el SITIO WEB ni la informaci\u00f3n ofrecida en el mismo para la realizaci\u00f3n de actividades contrarias a la Ley, la moral o el orden p\u00fablico y, en general, a hacer un uso conforme a las condiciones establecidas por la asociaci\u00f3n.<\/p>\n<p class=\"parrafo\"><strong>4.- Responsabilidad de LA EMPRESA<\/strong><\/p>\n<p class=\"parrafo\">LA EMPRESA se reserva el derecho de suspender temporalmente, y sin necesidad de previo aviso, la accesibilidad del SITIO WEB con motivo de una eventual necesidad de efectuar operaciones de mantenimiento, reparaci\u00f3n, actualizaci\u00f3n o mejora del mismo.<\/p>\n<p class=\"parrafo\"><strong>6.- Hiperenlaces<\/strong><\/p>\n<p class=\"parrafo\">El establecimiento de cualquier hiperenlace desde una p\u00e1gina web ajena, a cualquiera de las p\u00e1ginas del SITIO WEB de LA EMPRESA estar\u00e1 sometido a las siguientes condiciones:<\/p>\n<p class=\"parrafo\">\u2022 No se permite la reproducci\u00f3n ni total ni parcial de ninguno de los servicios contenidos en el SITIO WEB de LA EMPRESA.<\/p>\n<p class=\"parrafo\">\u2022 No se incluir\u00e1 ninguna manifestaci\u00f3n falsa, inexacta o incorrecta sobre las p\u00e1ginas del SITIO WEB de LA EMPRESA y sus servicios.<\/p>\n<p class=\"parrafo\">\u2022 Bajo ninguna circunstancia, LA EMPRESA ser\u00e1 responsable de los contenidos, informaciones, manifestaciones, opiniones o servicios puestos a disposici\u00f3n del p\u00fablico en la p\u00e1gina web desde la que se establezca un hiperenlace al presente SITIO WEB.<\/p>\n<p class=\"parrafo\">\u2022 Cualquier hiperenlace se efectuar\u00e1 a la p\u00e1gina principal del SITIO WEB.<\/p>\n<p class=\"parrafo\">Los hiperenlaces que se encuentran en el SITIO WEB han sido previamente consensuados con los titulares de las p\u00e1ginas webs enlazadas. LA EMPRESA no ser\u00e1 responsable del mal uso ni de las actividades contrarias a la ley, la moral o el orden p\u00fablico que realicen los usuarios en dichas p\u00e1ginas enlazadas.<\/p>\n<p class=\"parrafo\"><strong>7.- Vigencia de las condiciones de uso<\/strong><\/p>\n<p class=\"parrafo\">Las condiciones de uso de este SITIO WEB tienen car\u00e1cter indefinido. LA EMPRESA se reserva en todo caso el derecho unilateral de modificar las condiciones de acceso a las mismas, as\u00ed como su contenido.<\/p>\n<p class=\"parrafo\"><strong>8.- Nulidad e ineficacia de las cl\u00e1usulas<\/strong><\/p>\n<p class=\"parrafo\">Si cualquier cl\u00e1usula incluida en estas condiciones fuese declarada total o parcialmente nula o ineficaz, tal nulidad afectar\u00e1 tan s\u00f3lo a dicha disposici\u00f3n o la parte de la misma que resulte nula o ineficaz, subsistiendo en todo lo dem\u00e1s las condiciones.<\/p>\n<p class=\"parrafo\"><strong>9.- Legislaci\u00f3n y jurisdicci\u00f3n aplicables<\/strong><\/p>\n<p class=\"parrafo\">La prestaci\u00f3n del servicio de este SITIO WEB y las presentes condiciones de uso se rigen por la Ley espa\u00f1ola. Las partes, con renuncia expresa a cualquier otro fuero que pudiera corresponderles, acuerdan someterse a la jurisdicci\u00f3n de los Juzgados y Tribunales de Madrid.<\/p>\n","protected":false},"excerpt":{"rendered":"<p>1.- Car\u00e1cter de los servicios El acceso al SITIO WEB es, en principio, de car\u00e1cter gratuito, sin perjuicio de que la contrataci\u00f3n de los productos o servicios a trav\u00e9s del SITIO WEB est\u00e9 sujeta a una contraprestaci\u00f3n econ\u00f3mica. 3.- Responsabilidad del USUARIO El USUARIO se compromete a no utilizar el SITIO WEB ni la informaci\u00f3n [&hellip;]<\/p>\n","protected":false},"author":1,"featured_media":0,"parent":0,"menu_order":0,"comment_status":"closed","ping_status":"closed","template":"","meta":[],"_links":{"self":[{"href":"https:\/\/www.cortetextil.info\/home\/wp-json\/wp\/v2\/pages\/34"}],"collection":[{"href":"https:\/\/www.cortetextil.info\/home\/wp-json\/wp\/v2\/pages"}],"about":[{"href":"https:\/\/www.cortetextil.info\/home\/wp-json\/wp\/v2\/types\/page"}],"author":[{"embeddable":true,"href":"https:\/\/www.cortetextil.info\/home\/wp-json\/wp\/v2\/users\/1"}],"replies":[{"embeddable":true,"href":"https:\/\/www.cortetextil.info\/home\/wp-json\/wp\/v2\/comments?post=34"}],"version-history":[{"count":1,"href":"https:\/\/www.cortetextil.info\/home\/wp-json\/wp\/v2\/pages\/34\/revisions"}],"predecessor-version":[{"id":35,"href":"https:\/\/www.cortetextil.info\/home\/wp-json\/wp\/v2\/pages\/34\/revisions\/35"}],"wp:attachment":[{"href":"https:\/\/www.cortetextil.info\/home\/wp-json\/wp\/v2\/media?parent=34"}],"curies":[{"name":"wp","href":"https:\/\/api.w.org\/{rel}","templated":true}]}}

<p class="parrafo"><strong>1.- Carácter de los servicios</strong></p>
<p class="parrafo">El acceso al SITIO WEB es, en principio, de carácter gratuito, sin perjuicio de que la contratación de los productos o servicios a través del SITIO WEB esté sujeta a una contraprestación económica.</p>
<p class="parrafo"><strong>3.- Responsabilidad del USUARIO</strong></p>
<p class="parrafo">El USUARIO se compromete a no utilizar el SITIO WEB ni la información ofrecida en el mismo para la realización de actividades contrarias a la Ley, la moral o el orden público y, en general, a hacer un uso conforme a las condiciones establecidas por la asociación.</p>
<p class="parrafo"><strong>4.- Responsabilidad de LA EMPRESA</strong></p>
<p class="parrafo">LA EMPRESA se reserva el derecho de suspender temporalmente, y sin necesidad de previo aviso, la accesibilidad del SITIO WEB con motivo de una eventual necesidad de efectuar operaciones de mantenimiento, reparación, actualización o mejora del mismo.</p>
<p class="parrafo"><strong>6.- Hiperenlaces</strong></p>
<p class="parrafo">El establecimiento de cualquier hiperenlace desde una página web ajena, a cualquiera de las páginas del SITIO WEB de LA EMPRESA estará sometido a las siguientes condiciones:</p>
<p class="parrafo">• No se permite la reproducción ni total ni parcial de ninguno de los servicios contenidos en el SITIO WEB de LA EMPRESA.</p>
<p class="parrafo">• No se incluirá ninguna manifestación falsa, inexacta o incorrecta sobre las páginas del SITIO WEB de LA EMPRESA y sus servicios.</p>
<p class="parrafo">• Bajo ninguna circunstancia, LA EMPRESA será responsable de los contenidos, informaciones, manifestaciones, opiniones o servicios puestos a disposición del público en la página web desde la que se establezca un hiperenlace al presente SITIO WEB.</p>
<p class="parrafo">• Cualquier hiperenlace se efectuará a la página principal del SITIO WEB.</p>
<p class="parrafo">Los hiperenlaces que se encuentran en el SITIO WEB han sido previamente consensuados con los titulares de las páginas webs enlazadas. LA EMPRESA no será responsable del mal uso ni de las actividades contrarias a la ley, la moral o el orden público que realicen los usuarios en dichas páginas enlazadas.</p>
<p class="parrafo"><strong>7.- Vigencia de las condiciones de uso</strong></p>
<p class="parrafo">Las condiciones de uso de este SITIO WEB tienen carácter indefinido. LA EMPRESA se reserva en todo caso el derecho unilateral de modificar las condiciones de acceso a las mismas, así como su contenido.</p>
<p class="parrafo"><strong>8.- Nulidad e ineficacia de las cláusulas</strong></p>
<p class="parrafo">Si cualquier cláusula incluida en estas condiciones fuese declarada total o parcialmente nula o ineficaz, tal nulidad afectará tan sólo a dicha disposición o la parte de la misma que resulte nula o ineficaz, subsistiendo en todo lo demás las condiciones.</p>
<p class="parrafo"><strong>9.- Legislación y jurisdicción aplicables</strong></p>
<p class="parrafo">La prestación del servicio de este SITIO WEB y las presentes condiciones de uso se rigen por la Ley española. Las partes, con renuncia expresa a cualquier otro fuero que pudiera corresponderles, acuerdan someterse a la jurisdicción de los Juzgados y Tribunales de Madrid.</p>

<p>1.- Carácter de los servicios El acceso al SITIO WEB es, en principio, de carácter gratuito, sin perjuicio de que la contratación de los productos o servicios a través del SITIO WEB esté sujeta a una contraprestación económica. 3.- Responsabilidad del USUARIO El USUARIO se compromete a no utilizar el SITIO WEB ni la información [&hellip;]</p>
