{"id":54,"date":"2015-12-04T13:15:54","date_gmt":"2015-12-04T13:15:54","guid":{"rendered":"https:\/\/www.cortetextil.info\/home\/?page_id=54"},"modified":"2015-12-07T09:34:05","modified_gmt":"2015-12-07T09:34:05","slug":"accesibilidad","status":"publish","type":"page","link":"https:\/\/www.cortetextil.info\/home\/accesibilidad\/","title":{"rendered":"Accesibilidad"},"content":{"rendered":"<p>Corte Textil Juli\u00e1n trabaja para que el sitio Web sea accesible a todos los tipos de visitantes. Para ello buscamos respetar las pautas de accesibilidad de prioridad 2 (mediante la adecuaci\u00f3n al nivel \u201cAA\u201d) definidos en la especificaci\u00f3n de Pautas de Accesibilidad al Contenido en la Web (WCAG) por la Iniciativa de Accesibilidad Web (WAI) del World Wide Consortium . No obstante, somos conscientes de que la mera satisfacci\u00f3n de estos criterios no garantiza, por s\u00ed sola, un acceso f\u00e1cil a todos nuestros contenidos, por lo que continuamos trabajando por cubrir el mayor n\u00famero posible de puntos de verificaci\u00f3n.<\/p>\n<p>Queremos continuar haciendo m\u00e1s accesible el sitio Web por lo que disponemos de un correo electr\u00f3nico cortejulian1964@hotmail.com donde recibiremos encantados cualquier sugerencia o colaboraci\u00f3n al respecto.<\/p>\n","protected":false},"excerpt":{"rendered":"<p>Corte Textil Juli\u00e1n trabaja para que el sitio Web sea accesible a todos los tipos de visitantes. Para ello buscamos respetar las pautas de accesibilidad de prioridad 2 (mediante la adecuaci\u00f3n al nivel \u201cAA\u201d) definidos en la especificaci\u00f3n de Pautas de Accesibilidad al Contenido en la Web (WCAG) por la Iniciativa de Accesibilidad Web (WAI) [&hellip;]<\/p>\n","protected":false},"author":1,"featured_media":0,"parent":0,"menu_order":0,"comment_status":"closed","ping_status":"closed","template":"","meta":[],"_links":{"self":[{"href":"https:\/\/www.cortetextil.info\/home\/wp-json\/wp\/v2\/pages\/54"}],"collection":[{"href":"https:\/\/www.cortetextil.info\/home\/wp-json\/wp\/v2\/pages"}],"about":[{"href":"https:\/\/www.cortetextil.info\/home\/wp-json\/wp\/v2\/types\/page"}],"author":[{"embeddable":true,"href":"https:\/\/www.cortetextil.info\/home\/wp-json\/wp\/v2\/users\/1"}],"replies":[{"embeddable":true,"href":"https:\/\/www.cortetextil.info\/home\/wp-json\/wp\/v2\/comments?post=54"}],"version-history":[{"count":1,"href":"https:\/\/www.cortetextil.info\/home\/wp-json\/wp\/v2\/pages\/54\/revisions"}],"predecessor-version":[{"id":55,"href":"https:\/\/www.cortetextil.info\/home\/wp-json\/wp\/v2\/pages\/54\/revisions\/55"}],"wp:attachment":[{"href":"https:\/\/www.cortetextil.info\/home\/wp-json\/wp\/v2\/media?parent=54"}],"curies":[{"name":"wp","href":"https:\/\/api.w.org\/{rel}","templated":true}]}}

<p>Corte Textil Julián trabaja para que el sitio Web sea accesible a todos los tipos de visitantes. Para ello buscamos respetar las pautas de accesibilidad de prioridad 2 (mediante la adecuación al nivel “AA”) definidos en la especificación de Pautas de Accesibilidad al Contenido en la Web (WCAG) por la Iniciativa de Accesibilidad Web (WAI) del World Wide Consortium . No obstante, somos conscientes de que la mera satisfacción de estos criterios no garantiza, por sí sola, un acceso fácil a todos nuestros contenidos, por lo que continuamos trabajando por cubrir el mayor número posible de puntos de verificación.</p>
<p>Queremos continuar haciendo más accesible el sitio Web por lo que disponemos de un correo electrónico cortejulian1964@hotmail.com donde recibiremos encantados cualquier sugerencia o colaboración al respecto.</p>

<p>Corte Textil Julián trabaja para que el sitio Web sea accesible a todos los tipos de visitantes. Para ello buscamos respetar las pautas de accesibilidad de prioridad 2 (mediante la adecuación al nivel “AA”) definidos en la especificación de Pautas de Accesibilidad al Contenido en la Web (WCAG) por la Iniciativa de Accesibilidad Web (WAI) [&hellip;]</p>
